[INFO] cloning repository https://github.com/terakilobyte/rustsweeper
[INFO] running `Command { std: "git" "-c" "credential.helper=" "-c" "credential.helper=/workspace/cargo-home/bin/git-credential-null" "clone" "--bare" "https://github.com/terakilobyte/rustsweeper" "/workspace/cache/git-repos/https%3A%2F%2Fgithub.com%2Fterakilobyte%2Frustsweeper", kill_on_drop: false }`
[INFO] [stderr] Cloning into bare repository '/workspace/cache/git-repos/https%3A%2F%2Fgithub.com%2Fterakilobyte%2Frustsweeper'...
[INFO] running `Command { std: "git" "rev-parse" "HEAD", kill_on_drop: false }`
[INFO] [stdout] f027967f06e7a4319d6494fbc8311b187619660d
[INFO] building terakilobyte/rustsweeper against master#881c1ac408d93bb7adaa3a51dabab9266e82eee8 for issue-85264
[INFO] running `Command { std: "git" "clone" "/workspace/cache/git-repos/https%3A%2F%2Fgithub.com%2Fterakilobyte%2Frustsweeper" "/workspace/builds/worker-9/source", kill_on_drop: false }`
[INFO] [stderr] Cloning into '/workspace/builds/worker-9/source'...
[INFO] [stderr] done.
[INFO] validating manifest of git repo https://github.com/terakilobyte/rustsweeper on toolchain 881c1ac408d93bb7adaa3a51dabab9266e82eee8
[INFO] running `Command { std: "/workspace/cargo-home/bin/cargo" "+881c1ac408d93bb7adaa3a51dabab9266e82eee8" "metadata" "--manifest-path" "Cargo.toml" "--no-deps", kill_on_drop: false }`
[INFO] started tweaking git repo https://github.com/terakilobyte/rustsweeper
[INFO] finished tweaking git repo https://github.com/terakilobyte/rustsweeper
[INFO] tweaked toml for git repo https://github.com/terakilobyte/rustsweeper written to /workspace/builds/worker-9/source/Cargo.toml
[INFO] crate git repo https://github.com/terakilobyte/rustsweeper already has a lockfile, it will not be regenerated
[INFO] running `Command { std: "/workspace/cargo-home/bin/cargo" "+881c1ac408d93bb7adaa3a51dabab9266e82eee8" "fetch" "--manifest-path" "Cargo.toml", kill_on_drop: false }`
[INFO] [stderr]  Downloading crates ...
[INFO] [stderr]   Downloaded glutin_gles2_sys v0.1.5
[INFO] [stderr]   Downloaded gif v0.10.1
[INFO] [stderr]   Downloaded glutin_egl_sys v0.1.5
[INFO] [stderr]   Downloaded skeptic v0.13.5
[INFO] [stderr]   Downloaded glutin_glx_sys v0.1.7
[INFO] [stderr]   Downloaded rusty-xinput v1.1.0
[INFO] [stderr]   Downloaded bytecount v0.6.2
[INFO] [stderr]   Downloaded coreaudio-sys v0.2.2
[INFO] [stderr]   Downloaded inflate v0.4.4
[INFO] [stderr]   Downloaded num-derive v0.2.3
[INFO] [stderr]   Downloaded deflate v0.7.19
[INFO] [stderr]   Downloaded libloading v0.4.3
[INFO] [stderr]   Downloaded clang-sys v0.21.2
[INFO] [stderr]   Downloaded bindgen v0.32.3
[INFO] [stderr]   Downloaded ogg v0.7.1
[INFO] [stderr]   Downloaded mint v0.5.6
[INFO] [stderr]   Downloaded bzip2-sys v0.1.7
[INFO] [stderr]   Downloaded cargo_metadata v0.10.0
[INFO] [stderr]   Downloaded syn v1.0.56
[INFO] [stderr]   Downloaded libloading v0.6.6
[INFO] [stderr]   Downloaded glutin_wgl_sys v0.1.5
[INFO] [stderr]   Downloaded rand_core v0.6.0
[INFO] [stderr]   Downloaded redox_syscall v0.1.45
[INFO] [stderr]   Downloaded which v1.0.5
[INFO] [stderr]   Downloaded twox-hash v1.1.2
[INFO] running `Command { std: "docker" "create" "-v" "/var/lib/crater-agent-workspace/builds/worker-9/target:/opt/rustwide/target:rw,Z" "-v" "/var/lib/crater-agent-workspace/builds/worker-9/source:/opt/rustwide/workdir:ro,Z" "-v" "/var/lib/crater-agent-workspace/cargo-home:/opt/rustwide/cargo-home:ro,Z" "-v" "/var/lib/crater-agent-workspace/rustup-home:/opt/rustwide/rustup-home:ro,Z" "-e" "SOURCE_DIR=/opt/rustwide/workdir" "-e" "CARGO_TARGET_DIR=/opt/rustwide/target" "-e" "CARGO_HOME=/opt/rustwide/cargo-home" "-e" "RUSTUP_HOME=/opt/rustwide/rustup-home" "-w" "/opt/rustwide/workdir" "-m" "1610612736" "--user" "0:0" "--network" "none" "ghcr.io/rust-lang/crates-build-env/linux@sha256:20528e8c29e4536546f0102ce88568b16ea7538393a33fcca951030f7af10457" "/opt/rustwide/cargo-home/bin/cargo" "+881c1ac408d93bb7adaa3a51dabab9266e82eee8" "metadata" "--no-deps" "--format-version=1", kill_on_drop: false }`
[INFO] [stdout] b136ae31fd442e317c6e9abc630bb53f3f37c35d1b2b4afe491692d3cb29e9cd
[INFO] [stderr] WARNING: Your kernel does not support swap limit capabilities or the cgroup is not mounted. Memory limited without swap.
[INFO] running `Command { std: "docker" "start" "-a" "b136ae31fd442e317c6e9abc630bb53f3f37c35d1b2b4afe491692d3cb29e9cd", kill_on_drop: false }`
[INFO] running `Command { std: "docker" "inspect" "b136ae31fd442e317c6e9abc630bb53f3f37c35d1b2b4afe491692d3cb29e9cd", kill_on_drop: false }`
[INFO] running `Command { std: "docker" "rm" "-f" "b136ae31fd442e317c6e9abc630bb53f3f37c35d1b2b4afe491692d3cb29e9cd", kill_on_drop: false }`
[INFO] [stdout] b136ae31fd442e317c6e9abc630bb53f3f37c35d1b2b4afe491692d3cb29e9cd
[INFO] running `Command { std: "docker" "create" "-v" "/var/lib/crater-agent-workspace/builds/worker-9/target:/opt/rustwide/target:rw,Z" "-v" "/var/lib/crater-agent-workspace/builds/worker-9/source:/opt/rustwide/workdir:ro,Z" "-v" "/var/lib/crater-agent-workspace/cargo-home:/opt/rustwide/cargo-home:ro,Z" "-v" "/var/lib/crater-agent-workspace/rustup-home:/opt/rustwide/rustup-home:ro,Z" "-e" "SOURCE_DIR=/opt/rustwide/workdir" "-e" "CARGO_TARGET_DIR=/opt/rustwide/target" "-e" "CARGO_INCREMENTAL=0" "-e" "RUST_BACKTRACE=full" "-e" "RUSTFLAGS=--cap-lints=forbid" "-e" "CARGO_HOME=/opt/rustwide/cargo-home" "-e" "RUSTUP_HOME=/opt/rustwide/rustup-home" "-w" "/opt/rustwide/workdir" "-m" "1610612736" "--user" "0:0" "--network" "none" "ghcr.io/rust-lang/crates-build-env/linux@sha256:20528e8c29e4536546f0102ce88568b16ea7538393a33fcca951030f7af10457" "/opt/rustwide/cargo-home/bin/cargo" "+881c1ac408d93bb7adaa3a51dabab9266e82eee8" "build" "--frozen" "--message-format=json", kill_on_drop: false }`
[INFO] [stderr] WARNING: Your kernel does not support swap limit capabilities or the cgroup is not mounted. Memory limited without swap.
[INFO] [stdout] 225d905f7a1b1472d433a8b8bcd2cdcea0c410ce7fa5d60599b254134c0c3ef7
[INFO] running `Command { std: "docker" "start" "-a" "225d905f7a1b1472d433a8b8bcd2cdcea0c410ce7fa5d60599b254134c0c3ef7", kill_on_drop: false }`
[INFO] [stderr]    Compiling libc v0.2.81
[INFO] [stderr]    Compiling cfg-if v0.1.6
[INFO] [stderr]    Compiling serde v1.0.118
[INFO] [stderr]    Compiling semver-parser v0.7.0
[INFO] [stderr]    Compiling lazy_static v1.2.0
[INFO] [stderr]    Compiling bitflags v1.0.4
[INFO] [stderr]    Compiling pkg-config v0.3.14
[INFO] [stderr]    Compiling cc v1.0.28
[INFO] [stderr]    Compiling rand_core v0.3.0
[INFO] [stderr]    Compiling unicode-xid v0.2.1
[INFO] [stderr]    Compiling syn v1.0.56
[INFO] [stderr]    Compiling ppv-lite86 v0.2.10
[INFO] [stderr]    Compiling autocfg v0.1.1
[INFO] [stderr]    Compiling ryu v1.0.5
[INFO] [stderr]    Compiling arrayvec v0.4.10
[INFO] [stderr]    Compiling nodrop v0.1.13
[INFO] [stderr]    Compiling serde_derive v1.0.118
[INFO] [stderr]    Compiling serde_json v1.0.61
[INFO] [stderr]    Compiling itoa v0.4.7
[INFO] [stderr]    Compiling num-derive v0.2.3
[INFO] [stderr]    Compiling adler32 v1.0.3
[INFO] [stderr]    Compiling remove_dir_all v0.5.3
[INFO] [stderr]    Compiling glob v0.3.0
[INFO] [stderr]    Compiling xi-unicode v0.2.1
[INFO] [stderr]    Compiling num-iter v0.1.37
[INFO] [stderr]    Compiling color_quant v1.0.1
[INFO] [stderr]    Compiling fnv v1.0.6
[INFO] [stderr]    Compiling claxon v0.4.3
[INFO] [stderr]    Compiling num-traits v0.2.14
[INFO] [stderr]    Compiling crossbeam-utils v0.7.2
[INFO] [stderr]    Compiling memoffset v0.5.6
[INFO] [stderr]    Compiling crossbeam-epoch v0.8.2
[INFO] [stderr]    Compiling num-integer v0.1.44
[INFO] [stderr]    Compiling num-rational v0.2.4
[INFO] [stderr]    Compiling num-complex v0.2.4
[INFO] [stderr]    Compiling libloading v0.6.6
[INFO] [stderr]    Compiling log v0.4.6
[INFO] [stderr]    Compiling draw_state v0.8.0
[INFO] [stderr]    Compiling rand_isaac v0.1.1
[INFO] [stderr]    Compiling rand_xorshift v0.1.0
[INFO] [stderr]    Compiling rand_hc v0.1.0
[INFO] [stderr]    Compiling inflate v0.4.4
[INFO] [stderr]    Compiling proc-macro2 v0.4.24
[INFO] [stderr]    Compiling rand v0.6.5
[INFO] [stderr]    Compiling proc-macro2 v1.0.24
[INFO] [stderr]    Compiling gif v0.10.1
[INFO] [stderr]    Compiling pulldown-cmark v0.2.0
[INFO] [stderr]    Compiling crc32fast v1.2.1
[INFO] [stderr]    Compiling dlib v0.4.2
[INFO] [stderr]    Compiling gfx_core v0.9.2
[INFO] [stderr]    Compiling deflate v0.7.19
[INFO] [stderr]    Compiling ogg v0.7.1
[INFO] [stderr]    Compiling jpeg-decoder v0.1.15
[INFO] [stderr]    Compiling gl_generator v0.14.0
[INFO] [stderr]    Compiling generic-array v0.12.3
[INFO] [stderr]    Compiling x11-dl v2.18.5
[INFO] [stderr]    Compiling libudev-sys v0.1.4
[INFO] [stderr]    Compiling alsa-sys v0.1.2
[INFO] [stderr]    Compiling wayland-sys v0.21.13
[INFO] [stderr]    Compiling quote v0.6.10
[INFO] [stderr]    Compiling quote v1.0.8
[INFO] [stderr]    Compiling png v0.15.3
[INFO] [stderr]    Compiling lewton v0.9.4
[INFO] [stderr]    Compiling libloading v0.5.2
[INFO] [stderr]    Compiling minimp3-sys v0.3.2
[INFO] [stderr]    Compiling bzip2-sys v0.1.7
[INFO] [stderr]    Compiling syn v0.15.44
[INFO] [stderr]    Compiling wayland-scanner v0.21.13
[INFO] [stderr]    Compiling approx v0.3.2
[INFO] [stderr]    Compiling ordered-float v1.1.1
[INFO] [stderr]    Compiling line_drawing v0.7.0
[INFO] [stderr]    Compiling num-traits v0.1.43
[INFO] [stderr]    Compiling gfx v0.18.2
[INFO] [stderr]    Compiling crossbeam-deque v0.7.3
[INFO] [stderr]    Compiling sid v0.5.2
[INFO] [stderr]    Compiling num_cpus v1.13.0
[INFO] [stderr]    Compiling nix v0.14.1
[INFO] [stderr]    Compiling getrandom v0.1.15
[INFO] [stderr]    Compiling rand_os v0.1.3
[INFO] [stderr]    Compiling memmap v0.7.0
[INFO] [stderr]    Compiling raw-window-handle v0.3.3
[INFO] [stderr]    Compiling shared_library v0.1.9
[INFO] [stderr]    Compiling slice-deque v0.3.0
[INFO] [stderr]    Compiling nix v0.15.0
[INFO] [stderr]    Compiling getrandom v0.2.0
[INFO] [stderr]    Compiling dirs-sys v0.3.5
[INFO] [stderr]    Compiling glutin_glx_sys v0.1.7
[INFO] [stderr]    Compiling gfx_gl v0.6.1
[INFO] [stderr]    Compiling glutin_egl_sys v0.1.5
[INFO] [stderr]    Compiling rusttype v0.8.3
[INFO] [stderr]    Compiling rand_core v0.5.1
[INFO] [stderr]    Compiling alga v0.9.3
[INFO] [stderr]    Compiling osmesa-sys v0.1.2
[INFO] [stderr]    Compiling cpal v0.8.2
[INFO] [stderr]    Compiling rand_core v0.6.0
[INFO] [stderr]    Compiling directories v2.0.2
[INFO] [stderr]    Compiling minimp3 v0.3.5
[INFO] [stderr]    Compiling bzip2 v0.3.3
[INFO] [stderr]    Compiling rand_chacha v0.2.2
[INFO] [stderr]    Compiling rusttype v0.7.9
[INFO] [stderr]    Compiling glyph_brush_layout v0.1.9
[INFO] [stderr]    Compiling rand_chacha v0.3.0
[INFO] [stderr]    Compiling andrew v0.2.1
[INFO] [stderr]    Compiling wayland-client v0.21.13
[INFO] [stderr]    Compiling wayland-protocols v0.21.13
[INFO] [stderr]    Compiling semver v0.9.0
[INFO] [stderr]    Compiling toml v0.5.8
[INFO] [stderr]    Compiling rand v0.7.3
[INFO] [stderr]    Compiling rand v0.8.3
[INFO] [stderr]    Compiling rustc_version v0.2.3
[INFO] [stderr]    Compiling wayland-commons v0.21.13
[INFO] [stderr]    Compiling rand_pcg v0.1.1
[INFO] [stderr]    Compiling rand_chacha v0.1.0
[INFO] [stderr]    Compiling parking_lot_core v0.6.2
[INFO] [stderr]    Compiling parking_lot v0.9.0
[INFO] [stderr]    Compiling tempfile v3.1.0
[INFO] [stderr]    Compiling gilrs-core v0.2.6
[INFO] [stdout] error[E0277]: the trait bound `Hc128Core: BlockRngCore` is not satisfied
[INFO] [stdout]   --> /opt/rustwide/cargo-home/registry/src/github.com-1ecc6299db9ec823/rand-0.6.5/src/rngs/thread.rs:73:10
[INFO] [stdout]    |
[INFO] [stdout] 73 |     rng: *mut ReseedingRng<Hc128Core, EntropyRng>,
[INFO] [stdout]    |          ^^^^^^^^^^^^^^^^^^^^^^^^^^^^^^^^^^^^^^^^ the trait `BlockRngCore` is not implemented for `Hc128Core`
[INFO] [stdout]    | 
[INFO] [stdout]   ::: /opt/rustwide/cargo-home/registry/src/github.com-1ecc6299db9ec823/rand-0.6.5/src/rngs/adapter/reseeding.rs:88:12
[INFO] [stdout]    |
[INFO] [stdout] 88 | pub struct ReseedingRng<R, Rsdr>(BlockRng<ReseedingCore<R, Rsdr>>)
[INFO] [stdout]    |            ------------ required by a bound in this
[INFO] [stdout] 89 | where R: BlockRngCore + SeedableRng,
[INFO] [stdout]    |          ------------ required by this bound in `reseeding::ReseedingRng`
[INFO] [stdout] 
[INFO] [stdout] 
[INFO] [stdout] error[E0277]: the trait bound `Hc128Core: SeedableRng` is not satisfied
[INFO] [stdout]   --> /opt/rustwide/cargo-home/registry/src/github.com-1ecc6299db9ec823/rand-0.6.5/src/rngs/thread.rs:73:10
[INFO] [stdout]    |
[INFO] [stdout] 73 |     rng: *mut ReseedingRng<Hc128Core, EntropyRng>,
[INFO] [stdout]    |          ^^^^^^^^^^^^^^^^^^^^^^^^^^^^^^^^^^^^^^^^ the trait `SeedableRng` is not implemented for `Hc128Core`
[INFO] [stdout]    | 
[INFO] [stdout]   ::: /opt/rustwide/cargo-home/registry/src/github.com-1ecc6299db9ec823/rand-0.6.5/src/rngs/adapter/reseeding.rs:88:12
[INFO] [stdout]    |
[INFO] [stdout] 88 | pub struct ReseedingRng<R, Rsdr>(BlockRng<ReseedingCore<R, Rsdr>>)
[INFO] [stdout]    |            ------------ required by a bound in this
[INFO] [stdout] 89 | where R: BlockRngCore + SeedableRng,
[INFO] [stdout]    |                         ----------- required by this bound in `reseeding::ReseedingRng`
[INFO] [stdout] 
[INFO] [stdout] 
[INFO] [stdout] error[E0277]: the trait bound `Hc128Core: BlockRngCore` is not satisfied
[INFO] [stdout]   --> /opt/rustwide/cargo-home/registry/src/github.com-1ecc6299db9ec823/rand-0.6.5/src/rngs/thread.rs:76:1
[INFO] [stdout]    |
[INFO] [stdout] 76 | / thread_local!(
[INFO] [stdout] 77 | |     static THREAD_RNG_KEY: UnsafeCell<ReseedingRng<Hc128Core, EntropyRng>> = {
[INFO] [stdout] 78 | |         let mut entropy_source = EntropyRng::new();
[INFO] [stdout] 79 | |         let r = Hc128Core::from_rng(&mut entropy_source).unwrap_or_else(|err|
[INFO] [stdout] ...  |
[INFO] [stdout] 85 | |     }
[INFO] [stdout] 86 | | );
[INFO] [stdout]    | |__^ the trait `BlockRngCore` is not implemented for `Hc128Core`
[INFO] [stdout]    | 
[INFO] [stdout]   ::: /opt/rustwide/cargo-home/registry/src/github.com-1ecc6299db9ec823/rand-0.6.5/src/rngs/adapter/reseeding.rs:88:12
[INFO] [stdout]    |
[INFO] [stdout] 88 |   pub struct ReseedingRng<R, Rsdr>(BlockRng<ReseedingCore<R, Rsdr>>)
[INFO] [stdout]    |              ------------ required by a bound in this
[INFO] [stdout] 89 |   where R: BlockRngCore + SeedableRng,
[INFO] [stdout]    |            ------------ required by this bound in `reseeding::ReseedingRng`
[INFO] [stdout]    |
[INFO] [stdout]    = note: this error originates in a macro (in Nightly builds, run with -Z macro-backtrace for more info)
[INFO] [stdout] 
[INFO] [stdout] 
[INFO] [stdout] error[E0277]: the trait bound `Hc128Core: SeedableRng` is not satisfied
[INFO] [stdout]   --> /opt/rustwide/cargo-home/registry/src/github.com-1ecc6299db9ec823/rand-0.6.5/src/rngs/thread.rs:76:1
[INFO] [stdout]    |
[INFO] [stdout] 76 | / thread_local!(
[INFO] [stdout] 77 | |     static THREAD_RNG_KEY: UnsafeCell<ReseedingRng<Hc128Core, EntropyRng>> = {
[INFO] [stdout] 78 | |         let mut entropy_source = EntropyRng::new();
[INFO] [stdout] 79 | |         let r = Hc128Core::from_rng(&mut entropy_source).unwrap_or_else(|err|
[INFO] [stdout] ...  |
[INFO] [stdout] 85 | |     }
[INFO] [stdout] 86 | | );
[INFO] [stdout]    | |__^ the trait `SeedableRng` is not implemented for `Hc128Core`
[INFO] [stdout]    | 
[INFO] [stdout]   ::: /opt/rustwide/cargo-home/registry/src/github.com-1ecc6299db9ec823/rand-0.6.5/src/rngs/adapter/reseeding.rs:88:12
[INFO] [stdout]    |
[INFO] [stdout] 88 |   pub struct ReseedingRng<R, Rsdr>(BlockRng<ReseedingCore<R, Rsdr>>)
[INFO] [stdout]    |              ------------ required by a bound in this
[INFO] [stdout] 89 |   where R: BlockRngCore + SeedableRng,
[INFO] [stdout]    |                           ----------- required by this bound in `reseeding::ReseedingRng`
[INFO] [stdout]    |
[INFO] [stdout]    = note: this error originates in a macro (in Nightly builds, run with -Z macro-backtrace for more info)
[INFO] [stdout] 
[INFO] [stdout] 
[INFO] [stdout] error[E0277]: the trait bound `Hc128Core: BlockRngCore` is not satisfied
[INFO] [stdout]   --> /opt/rustwide/cargo-home/registry/src/github.com-1ecc6299db9ec823/rand-0.6.5/src/rngs/thread.rs:77:28
[INFO] [stdout]    |
[INFO] [stdout] 77 |     static THREAD_RNG_KEY: UnsafeCell<ReseedingRng<Hc128Core, EntropyRng>> = {
[INFO] [stdout]    |                            ^^^^^^^^^^^^^^^^^^^^^^^^^^^^^^^^^^^^^^^^^^^^^^^ the trait `BlockRngCore` is not implemented for `Hc128Core`
[INFO] [stdout]    | 
[INFO] [stdout]   ::: /opt/rustwide/cargo-home/registry/src/github.com-1ecc6299db9ec823/rand-0.6.5/src/rngs/adapter/reseeding.rs:88:12
[INFO] [stdout]    |
[INFO] [stdout] 88 | pub struct ReseedingRng<R, Rsdr>(BlockRng<ReseedingCore<R, Rsdr>>)
[INFO] [stdout]    |            ------------ required by a bound in this
[INFO] [stdout] 89 | where R: BlockRngCore + SeedableRng,
[INFO] [stdout]    |          ------------ required by this bound in `reseeding::ReseedingRng`
[INFO] [stdout] 
[INFO] [stdout] 
[INFO] [stdout] error[E0277]: the trait bound `Hc128Core: SeedableRng` is not satisfied
[INFO] [stdout]   --> /opt/rustwide/cargo-home/registry/src/github.com-1ecc6299db9ec823/rand-0.6.5/src/rngs/thread.rs:77:28
[INFO] [stdout]    |
[INFO] [stdout] 77 |     static THREAD_RNG_KEY: UnsafeCell<ReseedingRng<Hc128Core, EntropyRng>> = {
[INFO] [stdout]    |                            ^^^^^^^^^^^^^^^^^^^^^^^^^^^^^^^^^^^^^^^^^^^^^^^ the trait `SeedableRng` is not implemented for `Hc128Core`
[INFO] [stdout]    | 
[INFO] [stdout]   ::: /opt/rustwide/cargo-home/registry/src/github.com-1ecc6299db9ec823/rand-0.6.5/src/rngs/adapter/reseeding.rs:88:12
[INFO] [stdout]    |
[INFO] [stdout] 88 | pub struct ReseedingRng<R, Rsdr>(BlockRng<ReseedingCore<R, Rsdr>>)
[INFO] [stdout]    |            ------------ required by a bound in this
[INFO] [stdout] 89 | where R: BlockRngCore + SeedableRng,
[INFO] [stdout]    |                         ----------- required by this bound in `reseeding::ReseedingRng`
[INFO] [stdout] 
[INFO] [stdout] 
[INFO] [stdout] error[E0277]: the trait bound `Hc128Core: BlockRngCore` is not satisfied
[INFO] [stdout]   --> /opt/rustwide/cargo-home/registry/src/github.com-1ecc6299db9ec823/rand-0.6.5/src/rngs/thread.rs:76:1
[INFO] [stdout]    |
[INFO] [stdout] 76 | / thread_local!(
[INFO] [stdout] 77 | |     static THREAD_RNG_KEY: UnsafeCell<ReseedingRng<Hc128Core, EntropyRng>> = {
[INFO] [stdout] 78 | |         let mut entropy_source = EntropyRng::new();
[INFO] [stdout] 79 | |         let r = Hc128Core::from_rng(&mut entropy_source).unwrap_or_else(|err|
[INFO] [stdout] ...  |
[INFO] [stdout] 85 | |     }
[INFO] [stdout] 86 | | );
[INFO] [stdout]    | |__^ the trait `BlockRngCore` is not implemented for `Hc128Core`
[INFO] [stdout]    | 
[INFO] [stdout]   ::: /opt/rustwide/cargo-home/registry/src/github.com-1ecc6299db9ec823/rand-0.6.5/src/rngs/adapter/reseeding.rs:88:12
[INFO] [stdout]    |
[INFO] [stdout] 88 |   pub struct ReseedingRng<R, Rsdr>(BlockRng<ReseedingCore<R, Rsdr>>)
[INFO] [stdout]    |              ------------ required by a bound in this
[INFO] [stdout] 89 |   where R: BlockRngCore + SeedableRng,
[INFO] [stdout]    |            ------------ required by this bound in `reseeding::ReseedingRng`
[INFO] [stdout]    |
[INFO] [stdout]    = note: this error originates in a macro (in Nightly builds, run with -Z macro-backtrace for more info)
[INFO] [stdout] 
[INFO] [stdout] 
[INFO] [stdout] error[E0277]: the trait bound `Hc128Core: SeedableRng` is not satisfied
[INFO] [stdout]   --> /opt/rustwide/cargo-home/registry/src/github.com-1ecc6299db9ec823/rand-0.6.5/src/rngs/thread.rs:76:1
[INFO] [stdout]    |
[INFO] [stdout] 76 | / thread_local!(
[INFO] [stdout] 77 | |     static THREAD_RNG_KEY: UnsafeCell<ReseedingRng<Hc128Core, EntropyRng>> = {
[INFO] [stdout] 78 | |         let mut entropy_source = EntropyRng::new();
[INFO] [stdout] 79 | |         let r = Hc128Core::from_rng(&mut entropy_source).unwrap_or_else(|err|
[INFO] [stdout] ...  |
[INFO] [stdout] 85 | |     }
[INFO] [stdout] 86 | | );
[INFO] [stdout]    | |__^ the trait `SeedableRng` is not implemented for `Hc128Core`
[INFO] [stdout]    | 
[INFO] [stdout]   ::: /opt/rustwide/cargo-home/registry/src/github.com-1ecc6299db9ec823/rand-0.6.5/src/rngs/adapter/reseeding.rs:88:12
[INFO] [stdout]    |
[INFO] [stdout] 88 |   pub struct ReseedingRng<R, Rsdr>(BlockRng<ReseedingCore<R, Rsdr>>)
[INFO] [stdout]    |              ------------ required by a bound in this
[INFO] [stdout] 89 |   where R: BlockRngCore + SeedableRng,
[INFO] [stdout]    |                           ----------- required by this bound in `reseeding::ReseedingRng`
[INFO] [stdout]    |
[INFO] [stdout]    = note: this error originates in a macro (in Nightly builds, run with -Z macro-backtrace for more info)
[INFO] [stdout] 
[INFO] [stdout] 
[INFO] [stdout] error[E0277]: the trait bound `Hc128Core: BlockRngCore` is not satisfied
[INFO] [stdout]   --> /opt/rustwide/cargo-home/registry/src/github.com-1ecc6299db9ec823/rand-0.6.5/src/rngs/thread.rs:76:1
[INFO] [stdout]    |
[INFO] [stdout] 76 | / thread_local!(
[INFO] [stdout] 77 | |     static THREAD_RNG_KEY: UnsafeCell<ReseedingRng<Hc128Core, EntropyRng>> = {
[INFO] [stdout] 78 | |         let mut entropy_source = EntropyRng::new();
[INFO] [stdout] 79 | |         let r = Hc128Core::from_rng(&mut entropy_source).unwrap_or_else(|err|
[INFO] [stdout] ...  |
[INFO] [stdout] 85 | |     }
[INFO] [stdout] 86 | | );
[INFO] [stdout]    | |__^ the trait `BlockRngCore` is not implemented for `Hc128Core`
[INFO] [stdout]    | 
[INFO] [stdout]   ::: /opt/rustwide/cargo-home/registry/src/github.com-1ecc6299db9ec823/rand-0.6.5/src/rngs/adapter/reseeding.rs:88:12
[INFO] [stdout]    |
[INFO] [stdout] 88 |   pub struct ReseedingRng<R, Rsdr>(BlockRng<ReseedingCore<R, Rsdr>>)
[INFO] [stdout]    |              ------------ required by a bound in this
[INFO] [stdout] 89 |   where R: BlockRngCore + SeedableRng,
[INFO] [stdout]    |            ------------ required by this bound in `reseeding::ReseedingRng`
[INFO] [stdout]    |
[INFO] [stdout]    = note: this error originates in a macro (in Nightly builds, run with -Z macro-backtrace for more info)
[INFO] [stdout] 
[INFO] [stdout] 
[INFO] [stdout] error[E0277]: the trait bound `Hc128Core: SeedableRng` is not satisfied
[INFO] [stdout]   --> /opt/rustwide/cargo-home/registry/src/github.com-1ecc6299db9ec823/rand-0.6.5/src/rngs/thread.rs:76:1
[INFO] [stdout]    |
[INFO] [stdout] 76 | / thread_local!(
[INFO] [stdout] 77 | |     static THREAD_RNG_KEY: UnsafeCell<ReseedingRng<Hc128Core, EntropyRng>> = {
[INFO] [stdout] 78 | |         let mut entropy_source = EntropyRng::new();
[INFO] [stdout] 79 | |         let r = Hc128Core::from_rng(&mut entropy_source).unwrap_or_else(|err|
[INFO] [stdout] ...  |
[INFO] [stdout] 85 | |     }
[INFO] [stdout] 86 | | );
[INFO] [stdout]    | |__^ the trait `SeedableRng` is not implemented for `Hc128Core`
[INFO] [stdout]    | 
[INFO] [stdout]   ::: /opt/rustwide/cargo-home/registry/src/github.com-1ecc6299db9ec823/rand-0.6.5/src/rngs/adapter/reseeding.rs:88:12
[INFO] [stdout]    |
[INFO] [stdout] 88 |   pub struct ReseedingRng<R, Rsdr>(BlockRng<ReseedingCore<R, Rsdr>>)
[INFO] [stdout]    |              ------------ required by a bound in this
[INFO] [stdout] 89 |   where R: BlockRngCore + SeedableRng,
[INFO] [stdout]    |                           ----------- required by this bound in `reseeding::ReseedingRng`
[INFO] [stdout]    |
[INFO] [stdout]    = note: this error originates in a macro (in Nightly builds, run with -Z macro-backtrace for more info)
[INFO] [stdout] 
[INFO] [stdout] 
[INFO] [stdout] error[E0277]: the trait bound `Mcg128Xsl64: SeedableRng` is not satisfied
[INFO] [stdout]   --> /opt/rustwide/cargo-home/registry/src/github.com-1ecc6299db9ec823/rand-0.6.5/src/rngs/small.rs:97:5
[INFO] [stdout]    |
[INFO] [stdout] 97 |     type Seed = <Rng as SeedableRng>::Seed;
[INFO] [stdout]    |     ^^^^^^^^^^^^^^^^^^^^^^^^^^^^^^^^^^^^^^^ the trait `SeedableRng` is not implemented for `Mcg128Xsl64`
[INFO] [stdout] 
[INFO] [stdout] 
[INFO] [stdout] error[E0277]: the trait bound `Mcg128Xsl64: SeedableRng` is not satisfied
[INFO] [stdout]    --> /opt/rustwide/cargo-home/registry/src/github.com-1ecc6299db9ec823/rand-0.6.5/src/rngs/small.rs:99:5
[INFO] [stdout]     |
[INFO] [stdout] 99  | /     fn from_seed(seed: Self::Seed) -> Self {
[INFO] [stdout] 100 | |         SmallRng(Rng::from_seed(seed))
[INFO] [stdout] 101 | |     }
[INFO] [stdout]     | |_____^ the trait `SeedableRng` is not implemented for `Mcg128Xsl64`
[INFO] [stdout] 
[INFO] [stdout] 
[INFO] [stdout] error[E0277]: the trait bound `rand_hc::Hc128Rng: SeedableRng` is not satisfied
[INFO] [stdout]   --> /opt/rustwide/cargo-home/registry/src/github.com-1ecc6299db9ec823/rand-0.6.5/src/rngs/std.rs:56:5
[INFO] [stdout]    |
[INFO] [stdout] 56 |     type Seed = <Hc128Rng as SeedableRng>::Seed;
[INFO] [stdout]    |     ^^^^^^^^^^^^^^^^^^^^^^^^^^^^^^^^^^^^^^^^^^^^ the trait `SeedableRng` is not implemented for `rand_hc::Hc128Rng`
[INFO] [stdout] 
[INFO] [stdout] 
[INFO] [stdout] error[E0277]: the trait bound `rand_hc::Hc128Rng: SeedableRng` is not satisfied
[INFO] [stdout]   --> /opt/rustwide/cargo-home/registry/src/github.com-1ecc6299db9ec823/rand-0.6.5/src/rngs/std.rs:58:5
[INFO] [stdout]    |
[INFO] [stdout] 58 | /     fn from_seed(seed: Self::Seed) -> Self {
[INFO] [stdout] 59 | |         StdRng(Hc128Rng::from_seed(seed))
[INFO] [stdout] 60 | |     }
[INFO] [stdout]    | |_____^ the trait `SeedableRng` is not implemented for `rand_hc::Hc128Rng`
[INFO] [stdout] 
[INFO] [stdout] 
[INFO] [stdout] error[E0277]: the trait bound `rand_isaac::IsaacRng: SeedableRng` is not satisfied
[INFO] [stdout]   --> /opt/rustwide/cargo-home/registry/src/github.com-1ecc6299db9ec823/rand-0.6.5/src/deprecated.rs:51:5
[INFO] [stdout]    |
[INFO] [stdout] 51 |     type Seed = <rand_isaac::IsaacRng as SeedableRng>::Seed;
[INFO] [stdout]    |     ^^^^^^^^^^^^^^^^^^^^^^^^^^^^^^^^^^^^^^^^^^^^^^^^^^^^^^^^ the trait `SeedableRng` is not implemented for `rand_isaac::IsaacRng`
[INFO] [stdout] 
[INFO] [stdout] 
[INFO] [stdout] error[E0277]: the trait bound `rand_isaac::IsaacRng: SeedableRng` is not satisfied
[INFO] [stdout]   --> /opt/rustwide/cargo-home/registry/src/github.com-1ecc6299db9ec823/rand-0.6.5/src/deprecated.rs:53:5
[INFO] [stdout]    |
[INFO] [stdout] 53 | /     fn from_seed(seed: Self::Seed) -> Self {
[INFO] [stdout] 54 | |         IsaacRng(rand_isaac::IsaacRng::from_seed(seed))
[INFO] [stdout] 55 | |     }
[INFO] [stdout]    | |_____^ the trait `SeedableRng` is not implemented for `rand_isaac::IsaacRng`
[INFO] [stdout] 
[INFO] [stdout] 
[INFO] [stdout] error[E0277]: the trait bound `rand_isaac::Isaac64Rng: SeedableRng` is not satisfied
[INFO] [stdout]   --> /opt/rustwide/cargo-home/registry/src/github.com-1ecc6299db9ec823/rand-0.6.5/src/deprecated.rs:97:5
[INFO] [stdout]    |
[INFO] [stdout] 97 |     type Seed = <rand_isaac::Isaac64Rng as SeedableRng>::Seed;
[INFO] [stdout]    |     ^^^^^^^^^^^^^^^^^^^^^^^^^^^^^^^^^^^^^^^^^^^^^^^^^^^^^^^^^^ the trait `SeedableRng` is not implemented for `rand_isaac::Isaac64Rng`
[INFO] [stdout] 
[INFO] [stdout] 
[INFO] [stdout] error[E0277]: the trait bound `rand_isaac::Isaac64Rng: SeedableRng` is not satisfied
[INFO] [stdout]    --> /opt/rustwide/cargo-home/registry/src/github.com-1ecc6299db9ec823/rand-0.6.5/src/deprecated.rs:99:5
[INFO] [stdout]     |
[INFO] [stdout] 99  | /     fn from_seed(seed: Self::Seed) -> Self {
[INFO] [stdout] 100 | |         Isaac64Rng(rand_isaac::Isaac64Rng::from_seed(seed))
[INFO] [stdout] 101 | |     }
[INFO] [stdout]     | |_____^ the trait `SeedableRng` is not implemented for `rand_isaac::Isaac64Rng`
[INFO] [stdout] 
[INFO] [stdout] 
[INFO] [stdout] error[E0277]: the trait bound `rand_chacha::ChaChaRng: SeedableRng` is not satisfied
[INFO] [stdout]    --> /opt/rustwide/cargo-home/registry/src/github.com-1ecc6299db9ec823/rand-0.6.5/src/deprecated.rs:142:5
[INFO] [stdout]     |
[INFO] [stdout] 142 |     type Seed = <rand_chacha::ChaChaRng as SeedableRng>::Seed;
[INFO] [stdout]     |     ^^^^^^^^^^^^^^^^^^^^^^^^^^^^^^^^^^^^^^^^^^^^^^^^^^^^^^^^^^ the trait `SeedableRng` is not implemented for `rand_chacha::ChaChaRng`
[INFO] [stdout] 
[INFO] [stdout] 
[INFO] [stdout] error[E0277]: the trait bound `rand_chacha::ChaChaRng: SeedableRng` is not satisfied
[INFO] [stdout]    --> /opt/rustwide/cargo-home/registry/src/github.com-1ecc6299db9ec823/rand-0.6.5/src/deprecated.rs:144:5
[INFO] [stdout]     |
[INFO] [stdout] 144 | /     fn from_seed(seed: Self::Seed) -> Self {
[INFO] [stdout] 145 | |         ChaChaRng(rand_chacha::ChaChaRng::from_seed(seed))
[INFO] [stdout] 146 | |     }
[INFO] [stdout]     | |_____^ the trait `SeedableRng` is not implemented for `rand_chacha::ChaChaRng`
[INFO] [stdout] 
[INFO] [stdout] 
[INFO] [stdout] error[E0277]: the trait bound `rand_hc::Hc128Rng: SeedableRng` is not satisfied
[INFO] [stdout]    --> /opt/rustwide/cargo-home/registry/src/github.com-1ecc6299db9ec823/rand-0.6.5/src/deprecated.rs:199:5
[INFO] [stdout]     |
[INFO] [stdout] 199 |     type Seed = <rand_hc::Hc128Rng as SeedableRng>::Seed;
[INFO] [stdout]     |     ^^^^^^^^^^^^^^^^^^^^^^^^^^^^^^^^^^^^^^^^^^^^^^^^^^^^^ the trait `SeedableRng` is not implemented for `rand_hc::Hc128Rng`
[INFO] [stdout] 
[INFO] [stdout] 
[INFO] [stdout] error[E0277]: the trait bound `rand_hc::Hc128Rng: SeedableRng` is not satisfied
[INFO] [stdout]    --> /opt/rustwide/cargo-home/registry/src/github.com-1ecc6299db9ec823/rand-0.6.5/src/deprecated.rs:201:5
[INFO] [stdout]     |
[INFO] [stdout] 201 | /     fn from_seed(seed: Self::Seed) -> Self {
[INFO] [stdout] 202 | |         Hc128Rng(rand_hc::Hc128Rng::from_seed(seed))
[INFO] [stdout] 203 | |     }
[INFO] [stdout]     | |_____^ the trait `SeedableRng` is not implemented for `rand_hc::Hc128Rng`
[INFO] [stdout] 
[INFO] [stdout] 
[INFO] [stdout] error[E0277]: the trait bound `rand_xorshift::XorShiftRng: SeedableRng` is not satisfied
[INFO] [stdout]    --> /opt/rustwide/cargo-home/registry/src/github.com-1ecc6299db9ec823/rand-0.6.5/src/deprecated.rs:240:5
[INFO] [stdout]     |
[INFO] [stdout] 240 |     type Seed = <::rand_xorshift::XorShiftRng as SeedableRng>::Seed;
[INFO] [stdout]     |     ^^^^^^^^^^^^^^^^^^^^^^^^^^^^^^^^^^^^^^^^^^^^^^^^^^^^^^^^^^^^^^^^ the trait `SeedableRng` is not implemented for `rand_xorshift::XorShiftRng`
[INFO] [stdout] 
[INFO] [stdout] 
[INFO] [stdout] error[E0277]: the trait bound `rand_xorshift::XorShiftRng: SeedableRng` is not satisfied
[INFO] [stdout]    --> /opt/rustwide/cargo-home/registry/src/github.com-1ecc6299db9ec823/rand-0.6.5/src/deprecated.rs:242:5
[INFO] [stdout]     |
[INFO] [stdout] 242 | /     fn from_seed(seed: Self::Seed) -> Self {
[INFO] [stdout] 243 | |         XorShiftRng(::rand_xorshift::XorShiftRng::from_seed(seed))
[INFO] [stdout] 244 | |     }
[INFO] [stdout]     | |_____^ the trait `SeedableRng` is not implemented for `rand_xorshift::XorShiftRng`
[INFO] [stdout] 
[INFO] [stdout] 
[INFO] [stdout] error[E0277]: the trait bound `rand_hc::Hc128Rng: SeedableRng` is not satisfied
[INFO] [stdout]    --> /opt/rustwide/cargo-home/registry/src/github.com-1ecc6299db9ec823/rand-0.6.5/src/deprecated.rs:280:5
[INFO] [stdout]     |
[INFO] [stdout] 280 |     type Seed = <rngs::StdRng as SeedableRng>::Seed;
[INFO] [stdout]     |     ^^^^^^^^^^^^^^^^^^^^^^^^^^^^^^^^^^^^^^^^^^^^^^^^ the trait `SeedableRng` is not implemented for `rand_hc::Hc128Rng`
[INFO] [stdout] 
[INFO] [stdout] 
[INFO] [stdout] error[E0277]: the trait bound `rand_hc::Hc128Rng: SeedableRng` is not satisfied
[INFO] [stdout]    --> /opt/rustwide/cargo-home/registry/src/github.com-1ecc6299db9ec823/rand-0.6.5/src/deprecated.rs:282:5
[INFO] [stdout]     |
[INFO] [stdout] 282 | /     fn from_seed(seed: Self::Seed) -> Self {
[INFO] [stdout] 283 | |         StdRng(rngs::StdRng::from_seed(seed))
[INFO] [stdout] 284 | |     }
[INFO] [stdout]     | |_____^ the trait `SeedableRng` is not implemented for `rand_hc::Hc128Rng`
[INFO] [stdout] 
[INFO] [stdout] 
[INFO] [stdout] error: aborting due to 26 previous errors
[INFO] [stdout] 
[INFO] [stdout] 
[INFO] [stdout] For more information about this error, try `rustc --explain E0277`.
[INFO] [stdout] 
[INFO] [stderr] error: could not compile `rand`
[INFO] [stderr] 
[INFO] [stderr] To learn more, run the command again with --verbose.
[INFO] [stderr] warning: build failed, waiting for other jobs to finish...
[INFO] [stderr] error: build failed
[INFO] running `Command { std: "docker" "inspect" "225d905f7a1b1472d433a8b8bcd2cdcea0c410ce7fa5d60599b254134c0c3ef7", kill_on_drop: false }`
[INFO] running `Command { std: "docker" "rm" "-f" "225d905f7a1b1472d433a8b8bcd2cdcea0c410ce7fa5d60599b254134c0c3ef7", kill_on_drop: false }`
[INFO] [stdout] 225d905f7a1b1472d433a8b8bcd2cdcea0c410ce7fa5d60599b254134c0c3ef7
